{"id":2771,"date":"2023-11-27T15:38:11","date_gmt":"2023-11-27T21:38:11","guid":{"rendered":"https:\/\/villalasemilla.com\/website\/?page_id=2771"},"modified":"2025-11-26T08:53:26","modified_gmt":"2025-11-26T14:53:26","slug":"inicio","status":"publish","type":"page","link":"https:\/\/villalasemilla.com\/website\/","title":{"rendered":"Inicio"},"content":{"rendered":"\t\t<div data-elementor-type=\"wp-page\" data-elementor-id=\"2771\" class=\"elementor elementor-2771\">\n\t\t\t\t\t\t<section class=\"elementor-section elementor-top-section elementor-element elementor-element-6633f3be elementor-section-full_width elementor-section-height-min-height elementor-hidden-mobile elementor-section-height-default elementor-section-items-middle\" data-id=\"6633f3be\" data-element_type=\"section\" data-settings=\"{&quot;background_background&quot;:&quot;video&quot;,&quot;background_video_link&quot;:&quot;https:\\\/\\\/villalasemilla.com\\\/website\\\/wp-content\\\/uploads\\\/2025\\\/11\\\/Villa-La-Semilla-Tulum-Private-Villas-Mexico.mp4&quot;,&quot;background_video_start&quot;:0,&quot;background_play_on_mobile&quot;:&quot;yes&quot;}\">\n\t\t\t\t\t\t\t\t<div class=\"elementor-background-video-container\" aria-hidden=\"true\">\n\t\t\t\t\t\t\t\t\t\t\t\t\t<video class=\"elementor-background-video-hosted\" autoplay muted playsinline loop><\/video>\n\t\t\t\t\t\t\t\t\t\t\t<\/div>\n\t\t\t\t\t\t\t\t<div class=\"elementor-container elementor-column-gap-default\">\n\t\t\t\t\t<div class=\"aux-parallax-section elementor-column elementor-col-100 elementor-top-column elementor-element elementor-element-b81bbeb\" data-id=\"b81bbeb\" data-element_type=\"column\">\n\t\t\t<div class=\"elementor-widget-wrap\">\n\t\t\t\t\t\t\t<\/div>\n\t\t<\/div>\n\t\t\t\t\t<\/div>\n\t\t<\/section>\n\t\t\t\t<section class=\"elementor-section elementor-top-section elementor-element elementor-element-d597bd5 elementor-section-full_width elementor-section-height-min-height elementor-hidden-desktop elementor-hidden-tablet elementor-section-height-default elementor-section-items-middle\" data-id=\"d597bd5\" data-element_type=\"section\" data-settings=\"{&quot;background_background&quot;:&quot;video&quot;,&quot;background_video_start&quot;:0,&quot;background_play_on_mobile&quot;:&quot;yes&quot;}\">\n\t\t\t\t\t\t<div class=\"elementor-container elementor-column-gap-default\">\n\t\t\t\t\t<div class=\"aux-parallax-section elementor-column elementor-col-100 elementor-top-column elementor-element elementor-element-a4a93d0\" data-id=\"a4a93d0\" data-element_type=\"column\">\n\t\t\t<div class=\"elementor-widget-wrap elementor-element-populated\">\n\t\t\t\t\t\t<div class=\"elementor-element elementor-element-290b68c elementor-widget elementor-widget-video\" data-id=\"290b68c\" data-element_type=\"widget\" data-settings=\"{&quot;video_type&quot;:&quot;hosted&quot;,&quot;autoplay&quot;:&quot;yes&quot;,&quot;play_on_mobile&quot;:&quot;yes&quot;,&quot;loop&quot;:&quot;yes&quot;,&quot;controls&quot;:&quot;yes&quot;}\" data-widget_type=\"video.default\">\n\t\t\t\t<div class=\"elementor-widget-container\">\n\t\t\t\t\t\t\t<div class=\"e-hosted-video elementor-wrapper elementor-open-inline\">\n\t\t\t\t\t<video class=\"elementor-video\" src=\"https:\/\/villalasemilla.com\/website\/wp-content\/uploads\/2025\/11\/Villa-La-Semilla-Tulum-Private-Villas-Mexico.mp4\" autoplay=\"\" loop=\"\" controls=\"\" playsinline=\"\" controlsList=\"nodownload\" poster=\"https:\/\/villalasemilla.com\/website\/wp-content\/uploads\/2021\/01\/travel-safe.jpg\"><\/video>\n\t\t\t\t<\/div>\n\t\t\t\t\t\t<\/div>\n\t\t\t\t<\/div>\n\t\t\t\t\t<\/div>\n\t\t<\/div>\n\t\t\t\t\t<\/div>\n\t\t<\/section>\n\t\t\t\t<section class=\"elementor-section elementor-top-section elementor-element elementor-element-7d20f243 elementor-section-content-middle elementor-section-full_width elementor-section-height-default elementor-section-height-default\" data-id=\"7d20f243\" data-element_type=\"section\">\n\t\t\t\t\t\t<div class=\"elementor-container elementor-column-gap-default\">\n\t\t\t\t\t<div class=\"aux-parallax-section elementor-column elementor-col-100 elementor-top-column elementor-element elementor-element-416dfc5\" data-id=\"416dfc5\" data-element_type=\"column\">\n\t\t\t<div class=\"elementor-widget-wrap elementor-element-populated\">\n\t\t\t\t\t\t<div class=\"elementor-element elementor-element-27c6d757 aux-appear-watch-animation aux-fade-in-up elementor-widget elementor-widget-text-editor\" data-id=\"27c6d757\" data-element_type=\"widget\" data-widget_type=\"text-editor.default\">\n\t\t\t\t<div class=\"elementor-widget-container\">\n\t\t\t\t\t\t\t\t\t<p class=\"p1\">Situado entre el exuberante manglar verde y una playa aislada de la Bah\u00eda Soliman, Villa La Semilla ha sido creada para vivir en armon\u00eda con la naturaleza y los hu\u00e9spedes pueden saborear una experiencia \u00fanica con el apoyo y el servicio que es sin\u00f3nimo de la marca La Semilla. La propiedad cuenta con un tramo privado frente a la playa con espectaculares vistas de la bah\u00eda que puede disfrutar desde cualquiera de las terrazas adyacentes a cada habitaci\u00f3n. Tambi\u00e9n hay dos terrazas escalonadas en la azotea, una de las cuales tiene una piscina, para tomar el sol durante el d\u00eda y contemplar las estrellas por la noche.<\/p><p class=\"p1\">La sala de estar del primer piso se ha creado en un estilo de concepto abierto con amplia cocina, comedor y sala de estar que revela una terraza ajardinada privada con piscina infinita. Esta casa r\u00fastica y moderna ha sido creada para evocar privacidad, lujo y naturaleza y es el lugar perfecto para sumergirse en la belleza natural de M\u00e9xico.<\/p>\t\t\t\t\t\t\t\t<\/div>\n\t\t\t\t<\/div>\n\t\t\t\t\t<\/div>\n\t\t<\/div>\n\t\t\t\t\t<\/div>\n\t\t<\/section>\n\t\t\t\t<section class=\"elementor-section elementor-top-section elementor-element elementor-element-4a4621b7 elementor-section-boxed elementor-section-height-default elementor-section-height-default\" data-id=\"4a4621b7\" data-element_type=\"section\">\n\t\t\t\t\t\t<div class=\"elementor-container elementor-column-gap-default\">\n\t\t\t\t\t<div class=\"aux-parallax-section elementor-column elementor-col-50 elementor-top-column elementor-element elementor-element-7aff0a2e\" data-id=\"7aff0a2e\" data-element_type=\"column\">\n\t\t\t<div class=\"elementor-widget-wrap elementor-element-populated\">\n\t\t\t\t\t\t<div class=\"elementor-element elementor-element-56f618b9 aux-appear-watch-animation aux-fade-in-up links_home elementor-widget elementor-widget-text-editor\" data-id=\"56f618b9\" data-element_type=\"widget\" data-widget_type=\"text-editor.default\">\n\t\t\t\t<div class=\"elementor-widget-container\">\n\t\t\t\t\t\t\t\t\t<p class=\"p1\" style=\"text-align: center;\"><strong><a style=\"color: #000000;\" href=\"https:\/\/hotellasemilla.com\" target=\"_blank\" rel=\"noopener\">HOTEL LA SEMILLA<\/a><\/strong><\/p>\t\t\t\t\t\t\t\t<\/div>\n\t\t\t\t<\/div>\n\t\t\t\t\t<\/div>\n\t\t<\/div>\n\t\t\t\t<div class=\"aux-parallax-section elementor-column elementor-col-50 elementor-top-column elementor-element elementor-element-6c7326cd\" data-id=\"6c7326cd\" data-element_type=\"column\">\n\t\t\t<div class=\"elementor-widget-wrap elementor-element-populated\">\n\t\t\t\t\t\t<div class=\"elementor-element elementor-element-476fdc88 aux-appear-watch-animation aux-fade-in-up links_home elementor-widget elementor-widget-text-editor\" data-id=\"476fdc88\" data-element_type=\"widget\" data-widget_type=\"text-editor.default\">\n\t\t\t\t<div class=\"elementor-widget-container\">\n\t\t\t\t\t\t\t\t\t<p class=\"p1\" style=\"text-align: center;\"><strong><span style=\"color: #000000;\"><a style=\"color: #000000;\" href=\"https:\/\/www.arboleslasemilla.com\/\" target=\"_blank\" rel=\"noopener\">\u00c1RBOLES LA SEMILLA<\/a><\/span><\/strong><\/p>\t\t\t\t\t\t\t\t<\/div>\n\t\t\t\t<\/div>\n\t\t\t\t\t<\/div>\n\t\t<\/div>\n\t\t\t\t\t<\/div>\n\t\t<\/section>\n\t\t\t\t<\/div>\n\t\t","protected":false},"excerpt":{"rendered":"<p>https:\/\/villalasemilla.com\/website\/wp-content\/uploads\/2025\/11\/Villa-La-Semilla-Tulum-Private-Villas-Mexico.mp4 Situado entre el exuberante manglar verde y una playa aislada de la Bah\u00eda Soliman, Villa La Semilla ha sido creada para vivir en armon\u00eda con la naturaleza y los hu\u00e9spedes pueden saborear una experiencia \u00fanica con el apoyo y el servicio que es sin\u00f3nimo de la marca La Semilla. La propiedad cuenta con un [&hellip;]<\/p>\n","protected":false},"author":4,"featured_media":0,"parent":0,"menu_order":0,"comment_status":"closed","ping_status":"closed","template":"elementor_header_footer","meta":{"footnotes":""},"class_list":["post-2771","page","type-page","status-publish","hentry"],"aioseo_notices":[],"_links":{"self":[{"href":"https:\/\/villalasemilla.com\/website\/wp-json\/wp\/v2\/pages\/2771","targetHints":{"allow":["GET"]}}],"collection":[{"href":"https:\/\/villalasemilla.com\/website\/wp-json\/wp\/v2\/pages"}],"about":[{"href":"https:\/\/villalasemilla.com\/website\/wp-json\/wp\/v2\/types\/page"}],"author":[{"embeddable":true,"href":"https:\/\/villalasemilla.com\/website\/wp-json\/wp\/v2\/users\/4"}],"replies":[{"embeddable":true,"href":"https:\/\/villalasemilla.com\/website\/wp-json\/wp\/v2\/comments?post=2771"}],"version-history":[{"count":61,"href":"https:\/\/villalasemilla.com\/website\/wp-json\/wp\/v2\/pages\/2771\/revisions"}],"predecessor-version":[{"id":3315,"href":"https:\/\/villalasemilla.com\/website\/wp-json\/wp\/v2\/pages\/2771\/revisions\/3315"}],"wp:attachment":[{"href":"https:\/\/villalasemilla.com\/website\/wp-json\/wp\/v2\/media?parent=2771"}],"curies":[{"name":"wp","href":"https:\/\/api.w.org\/{rel}","templated":true}]}}